on divisor of 32 and g?
4
Suppose 0 = 2*w - 8, -s - 5*w = 2*s - 26. Let f be (-3)/s*(-6 - 16). Calculate the greatest common divisor of f and 22.
11
Let s = 13 + -5. Let o be (-3 + 0)*(-2)/3. Suppose 2*u - 236 = -o*u - 5*n, -5*u + 5*n + 340 = 0. Calculate the highest common divisor of s and u.
8
Suppose 4*s = 4, -5*d - 4 = -4*s - 10. Let h be d/4*(27 - 5). What is the greatest common divisor of 99 and h?
11
Let n be 6 - (4 + -1) - -1. What is the greatest common factor of 8 and n?
4
Suppose -101 = -3*o + 7. Calculate the greatest common factor of o and 4.
4
Let u = -6 + 10. Suppose 0*f + 2 = f. Suppose -c + 0*c = -f. Calculate the greatest common factor of c and u.
2
Let h(z) = -z - 2. Let g be h(-1). Let u be (-1 + g)*3/(-1). Calculate the highest common divisor of u and 6.
6
Suppose -7*t = -18 - 1942. What is the highest common divisor of 35 and t?
35
Let i = -8 - -4. Let n = 2 + i. Let h be n/4 - 9/(-6). Calculate the highest common divisor of h and 3.
1
Suppose -2*g - 14 = -134. Suppose v - 5 = -0*v. Let m(o) = -o**3 + 5*o**2 + 5*o - 1. Let f be m(v). Calculate the highest common factor of g and f.
12
Suppose -2*d = -3*q - q + 8, 3*q - 6 = -d. Let x = d + -2. Let o(r) = -60*r + 1. Let w be o(x). Calculate the greatest common divisor of w and 11.
11
Let t be (-1*2)/(5/(-155)). Suppose 5*o - t + 2 = 0. What is the greatest common factor of o and 84?
12
Let i be (-10)/(-8) - 6/(-8). Suppose i*f - 8 = f. What is the highest common divisor of 1 and f?
1
Let s be (-2)/6 - 2854/6. Let g be (-4)/14 - s/(-49). Let n be g/(-40) + (-118)/(-8). Calculate the greatest common divisor of 135 and n.
15
Let z be (-6)/(-2) - 9/9. Calculate the greatest common divisor of 14 and z.
2
Let a(f) = -f**3 + 4*f**2 - 5. Let t be a(6). Let g be 14/49*t/(-1). What is the highest common factor of 242 and g?
22
Let n(s) = 53*s + 22. Let a be n(4). What is the greatest common divisor of 26 and a?
26
Let j = 9 - 4. Let s(w) = 2*w**2 - w - 1. Let v be s(-1). Let h be (-1 - (-7)/v)*10. What is the greatest common divisor of j and h?
5
Suppose -12 = 14*i - 15*i. Calculate the greatest common divisor of i and 156.
12
Suppose -14*a = -9*a - 400. Calculate the greatest common divisor of a and 10.
10
Suppose 6 = -2*c - 28. Let q = c + 26. What is the highest common factor of q and 63?
9
Let l = 53 - -40. What is the highest common divisor of l and 62?
31
Let d = -1 + 9. Calculate the greatest common factor of d and 40.
8
Let m = 88 - 58. What is the greatest common divisor of 60 and m?
30
Let m = -33 + 42. Calculate the highest common factor of 9 and m.
9
Let i = -7 - -4. Let n be (-330)/(-8) - i/(-12). Suppose s + s + 4*y = 44, 2*s = -3*y + n. What is the highest common divisor of s and 144?
16
Let u = -69 - -79. Calculate the greatest common divisor of u and 130.
10
Let t = -21 + -19. Let r = 66 + t. Calculate the highest common factor of 286 and r.
26
Let i = -6 - -30. Calculate the highest common factor of i and 60.
12
Let k = 10 + -9. What is the greatest common factor of 1 and k?
1
Suppose 1 = -4*j + 9. Calculate the greatest common factor of j and 3.
1
Let n(l) = 5*l - 7. Let d be n(3). Calculate the highest common factor of 8 and d.
8
Let n(k) = k. Let m be n(-6). Let t be (m/(-9))/((-4)/(-30)). Suppose j + j = 4*h - 12, 5*j = -t*h + 45. Calculate the highest common divisor of 20 and j.
4
Let g = 10 + -7. What is the highest common divisor of g and 12?
3
Suppose -103 = -4*f + 17. Let v = 312 + -208. Suppose v = 5*m - s, -3*m + m + 60 = -5*s. What is the greatest common divisor of m and f?
10
Let y be 38*(-4 + 44/8). Calculate the greatest common factor of y and 19.
19
Let f(o) = o**3 - 18*o**2 - 19*o + 24. Let y be f(19). Calculate the highest common factor of y and 6.
6
Suppose 81*y - 83*y = -22. Let z be 97 + 1 - (-2)/2. Calculate the highest common divisor of y and z.
11
Let d = -34 - -46. What is the greatest common divisor of 6 and d?
6
Suppose -54 = -3*q - 3*v, -5*q - 17 + 62 = -4*v. What is the greatest common divisor of 104 and q?
13
Suppose 0 = -6*q + 175 - 25. Calculate the greatest common divisor of q and 5.
5
Suppose 4*p - 26 = -5*r, 0 = 4*r + p - 3*p. Calculate the greatest common factor of 18 and r.
2
Let p(i) = i**3 - i**2 - 4*i - 1. Let o be p(3). Let l(w) = -w**3 + 4*w**2 + 8*w - 7. Let m be l(o). What is the highest common divisor of m and 24?
8
Let y = 61 + -22. Let d(c) = 3*c**2 + 7*c + 6. Let z = -9 - -5. Let v be d(z). Calculate the highest common factor of v and y.
13
Suppose 3*v = -4*o + 43, -3*o + 5*o - 17 = -v. Calculate the greatest common factor of v and 18.
9
Let y(h) = h**2 - 14*h + 12. Let m be y(11). Let d = 51 + m. Let i = 5 + 0. Calculate the highest common divisor of d and i.
5
Let y be 2/((1/(-1))/(-2)). Let x(j) = 8*j**2 + 3*j - 2. Let z be x(y). Suppose z = -4*i + 750. Calculate the greatest common divisor of i and 17.
17
Let n = 314 - 178. Suppose -2*o - n = 2*o. Let m = o + 48. What is the greatest common divisor of m and 28?
14
Let j = 35 + -21. What is the greatest common factor of j and 84?
14
Let p(m) = -23*m - 2. Let s(g) = -46*g - 3. Let u(k) = 9*p(k) - 4*s(k). Let h be u(-4). Let l = h - 38. What is the greatest common factor of l and 6?
6
Let j = -9 - -13. Let u = j + -1. Calculate the greatest common factor of 3 and u.
3
Let v(k) = k - 9. Let j be v(12). Suppose 4*h - 3*h - 144 = -j*n, 4*n + 116 = h. What is the highest common factor of h and 12?
12
Let u be (-5 + 28/12)*90/(-2). What is the greatest common factor of u and 24?
24
Let m = 10 + -2. Let b = 11 - m. Suppose 0 = -c + 14 + b. Calculate the greatest common factor of c and 34.
17
Suppose -2*c + 0*c = -38. What is the highest common factor of 95 and c?
19
Suppose -160 = -6*v + 2*v. Let t = -13 - -23. What is the highest common divisor of t and v?
10
Suppose 4*m = 2*k + 119 + 59, -5*m + 224 = -2*k. Let s(i) = -14*i**3 + 2*i**2 + 4*i + 3. Let x be s(-2). What is the highest common factor of m and x?
23
Suppose -a + 192 = 3*a. What is the greatest common divisor of 32 and a?
16
Let m(q) = -12*q. Let y be m(1). Let o be 1/(1/26) - -1. Let b = o + y. Calculate the greatest common divisor of 135 and b.
15
Let c(q) = -q**3 - q**3 + 2*q**2 - 2*q**3 + q**3 + q. Let s be c(-1). Let f = -3 + s. What is the greatest common divisor of 7 and f?
1
Let r = -722 + 1029. Let h = r + -202. Suppose -y = -6*y + h. Calculate the highest common divisor of y and 14.
7
Suppose -5*i + 4 + 136 = 0. Let q be (9 + -7)/(2/5). Suppose 3*g - q*y = 116, y - 5*y = -g + 34. Calculate the highest common factor of i and g.
14
Suppose -l + 0*l - 2*x = 5, -2*x = -3*l + 25. Suppose -34 = l*h - 169. Let s = -6 + 15. Calculate the highest common factor of s and h.
9
Suppose 3*x - x - 3*c = -82, -4*x = -4*c + 164. Let d = 59 + x. Suppose -t + d = t. What is the highest common divisor of t and 18?
9
Let f be (-2 + 292/14)*7. Calculate the greatest common factor of 12 and f.
12
Let g(x) = x**3 - 9*x**2 + 22*x - 11. Let q be g(9). Calculate the highest common factor of q and 17.
17
Let i be 106/9 - (-42)/189. Calculate the highest common factor of i and 204.
12
Let q be ((-17)/(-4))/((-7)/(-28)). Calculate the highest common factor of 68 and q.
17
Let l(u) = -u**3 + 3*u**2 + u + 3. Suppose 9 = 2*m + m. Let v be l(m). Suppose 0 = 4*b - 2*b - v. Calculate the greatest common divisor of b and 3.
3
Let h = -29 - -69. Let u = 0 - -8. Calculate the highest common factor of h and u.
8
Let p(d) = -d + 21. Let a be p(-12). Calculate the highest common factor of a and 330.
33
Let p(n) = -n**3 - 5*n**2 - n - 4. Let u be p(-6). Let d = u + -23. What is the highest common divisor of 10 and d?
5
Let y(u) = 2*u**2 - 2. Let k be y(2). Calculate the greatest common factor of k and 6.
6
Let b be (46/(-6) - -1)/(2/(-6)). What is the highest common divisor of b and 5?
5
Let v(m) = -m**3 - 18*m**2 - 17*m + 7. Let q be v(-17). Let g be 4/18 + (-500)/(-18). What is the highest common divisor of g and q?
7
Let j = 459 - 306. What is the greatest common factor of j and 34?
17
Let q = 15 - 9. What is the greatest common factor of 12 and q?
6
Let g(k) = 5*k. Let h be g(-2). Let b = h - -19. Let s be 42/b + 1/3. Calculate the greatest common factor of 1 and s.
1
Suppose 2 + 0 = 3*d - r, -6 = -4*d + 3*r. Suppose 65 = -d*y + 5*y + 3*